me number?
True
Is 20701079477 a prime number?
False
Is 27217378997 composite?
False
Is 9223438871 a composite number?
True
Is 4128933707 a prime number?
True
Is 59471833 a prime number?
True
Is 353012289649 prime?
False
Is 3033222419 prime?
True
Is 771250479 composite?
True
Is 123928009 prime?
False
Is 5684884973 a composite number?
True
Is 1593080089 composite?
False
Is 271884297 a prime number?
False
Is 730507474 a composite number?
True
Is 373546061065 prime?
False
Is 319670137 prime?
True
Is 7846388047 a composite number?
False
Is 79843678199 a prime number?
False
Is 662529863 a composite number?
False
Is 64509013 composite?
False
Is 18849566741 a prime number?
True
Is 140892421 a composite number?
False
Is 3583593859 a prime number?
True
Is 15498287723 prime?
True
Is 4024249737 a composite number?
True
Is 68637617 composite?
True
Is 846779393 composite?
True
Is 33210928447 a composite number?
False
Is 10509307447 a prime number?
False
Is 11879444377 a composite number?
True
Is 199097203 a composite number?
True
Is 45947743 prime?
False
Is 10135520501 a composite number?
False
Is 5333089507 a composite number?
True
Is 15131237153 composite?
True
Is 1465698029 composite?
False
Is 220803851 a composite number?
True
Is 1704499297 prime?
False
Is 4560370469 prime?
True
Is 3353754491 composite?
True
Is 31692225479 composite?
False
Is 2348606111 a prime number?
False
Is 70817876893 prime?
True
Is 51819883051 a prime number?
False
Is 84731212477 a prime number?
True
Is 216646789 prime?
True
Is 37263807443 a prime number?
False
Is 139979107 prime?
False
Is 7232007743 a prime number?
True
Is 51411480379 a prime number?
False
Is 28089185693 a prime number?
False
Is 868906063 composite?
False
Is 1789602097 prime?
True
Is 6409251149 prime?
False
Is 2022247671 a composite number?
True
Is 49979399069 a prime number?
False
Is 22706546021 a composite number?
True
Is 13448435291 a prime number?
True
Is 1481460347 a composite number?
False
Is 1813786193 prime?
False
Is 92501745457 a composite number?
True
Is 56976229 prime?
False
Is 503517769 a prime number?
True
Is 13968503 composite?
False
Is 5027842595 a composite number?
True
Is 8830471513 a composite number?
True
Is 24958530409 a composite number?
False
Is 8062449169 a prime number?
True
Is 341061451 composite?
False
Is 17042088949 a composite number?
False
Is 26193343047 prime?
False
Is 185702347 a prime number?
False
Is 716589365 composite?
True
Is 5741440609 a composite number?
True
Is 8870914157 a prime number?
False
Is 5399848226 composite?
True
Is 1162327909 composite?
False
Is 707222981 prime?
False
Is 11444200871 composite?
False
Is 436917101 prime?
True
Is 2819170897 a prime number?
True
Is 79767883621 a composite number?
False
Is 292867039 composite?
True
Is 11344972481 composite?
True
Is 1274088727 a prime number?
False
Is 13580138083 prime?
False
Is 172967549 prime?
True
Is 895492145 a composite number?
True
Is 6943383971 prime?
False
Is 4645019 a prime number?
True
Is 57302529967 prime?
True
Is 54729293993 a prime number?
False
Is 3496832431 prime?
False
Is 4497250469 a prime number?
True
Is 2022871751 a prime number?
True
Is 70345331813 a composite number?
True
Is 44420721803 a composite number?
True
Is 3889077989 a prime number?
True
Is 1349360569 composite?
True
Is 168698121259 a composite number?
True
Is 747483131 a composite number?
False
Is 48422227493 prime?
False
Is 5184422779 a prime number?
True
Is 549739097 composite?
False
Is 884590513 composite?
True
Is 36830329 a composite number?
False
Is 334917029 a prime number?
True
Is 624632987 prime?
False
Is 828250453 composite?
False
Is 3074682433 a composite number?
False
Is 22943526277 composite?
True
Is 9767039849 a composite number?
True
Is 278483843 a composite number?
True
Is 289854503 composite?
True
Is 66370979357 composite?
False
Is 13837424219 a composite number?
True
Is 1513792123 composite?
False
Is 12577547067 a composite number?
True
Is 2757991881 a composite number?
True
Is 425615639 a composite number?
True
Is 14947602569 prime?
False
Is 1852817613 prime?
False
Is 1127690303 composite?
False
Is 30185034137 a prime number?
False
Is 2551069757 a prime number?
True
Is 28795009507 composite?
True
Is 5424412043 prime?
False
Is 4800680711 a composite number?
True
Is 911353263 composite?
True
Is 146579644091 a prime number?
False
Is 71039327993 prime?
True
Is 44326109909 prime?
True
Is 21392551457 a prime number?
True
Is 7793749687 a prime number?
True
Is 158287926847 composite?
False
Is 775086271 a composite number?
True
Is 5435287033 composite?
True
Is 4697507837 prime?
False
Is 4037072321 a prime number?
True
Is 224576917 prime?
False
Is 68873333 a prime number?
True
Is 2616662339 a composite number?
False
Is 1574508797 a prime number?
False
Is 15835976483 composite?
False
Is 8192145631 prime?
True
Is 2102413567 composite?
False
Is 610521581 a prime number?
True
Is 2414149819 a prime number?
False
Is 59914613777 composite?
False
Is 1348357 a prime number?
True
Is 226923979 a composite number?
False
Is 739358293 prime?
True
Is 1940145731 composite?
False
Is 15247406659 composite?
False
Is 599991713 a composite number?
False
Is 116799757457 a composite number?
False
Is 13809798491 composite?
True
Is 13629956201 composite?
False
Is 42587242019 prime?
False
Is 204943493 composite?
True
Is 308923847 a composite number?
True
Is 111054257 a composite number?
False
Is 5377006027 a composite number?
False
Is 115333644721 a composite number?
True
Is 1207493711 a prime number?
False
Is 1792482385 a composite number?
True
Is 26911184497 composite?
False
Is 323705477 a prime number?
False
Is 10040864473 composite?
True
Is 1662867829 prime?
False
Is 28755965317 a composite number?
False
Is 6418702421 prime?
True
Is 7072353553 a composite number?
False
Is 80845725631 a prime number?
False
Is 9932998521 a prime number?
False
Is 4598938541 prime?
True
Is 1173415493 a composite number?
False
Is 95016309823 a composite number?
False
Is 841852307 a composite number?
False
Is 200618867 a prime number?
True
Is 1776260579 a composite number?
True
Is 11956591189 a composite number?
False
Is 1347144817 a prime number?
False
Is 487358983 a composite number?
True
Is 8196902473 prime?
True
Is 566467177 composite?
True
Is 63640609727 composite?
True
Is 11195026481 prime?
False
Is 192453900139 a prime number?
False
Is 2715908893 a composite number?
False
Is 3104198061 a prime number?
False
Is 20982193553 composite?
True
Is 6852060811 composite?
True
Is 2192594059 a prime number?
False
Is 1755553721 a composite number?
True
Is 269834303 composite?
True
Is 3628437941 a prime number?
True
Is 197354661583 a composite number?
False
Is 201271607 composite?
False
Is 361553827 a prime number?
True
Is 46214012389 a prime number?
False
Is 3533139562 composite?
True
Is 3892052447 a prime number?
False
Is 196278629 a prime number?
True
Is 2017621241 a prime number?
True
Is 25165904741 composite?
True
Is 243581758067 a composite number?
False
Is 33563690347 a composite number?
True
Is 213188735 a composite number?
True
Is 64340478899 a composite number?
True
Is 773994001 a prime number?
False
Is 21005837327 composite?
False
Is 8582216407 prime?
False
Is 23710804309 prime?
False
Is 616546907 a composite number?
False
Is 47258623519 a prime number?
True
Is 14207065 composite?
True
Is 451424546 a prime number?
False
Is 63263983597 prime?
False
Is 2465493455 a composite number?
True
Is 3349429693 a prime number?
True
Is 401797973 a prime number?
False
Is 641633833 prime?
True
Is 13600827587 a prime number?
True
Is 19124185727 a composite number?
True
Is 1779808519 a prime number?
True
Is 19132324847 a prime number?
False
Is 40925154379 composite?
True
Is 4562807374 a composite number?
True
Is 1990873589 prime?
True
Is 2537433399 a composite number?
True
Is 2675006753 a composite number?
False
Is 7888209811 a prime number?
False
Is 1078243807 prime?
False
Is 21745627913 a prime number?
True
Is 525879635 prime?
False
Is 853289711 a prime number?
True
Is 2082503593 a prime number?
True
Is 203721431 composite?
False
Is 96657107 composite?
True
Is 36572421803 a prime number?
False
Is 904641707 prime?
True
Is 5569677317 a prime number?
True
Is 499341553 a composite num